{"id":74,"date":"2022-03-14T17:15:52","date_gmt":"2022-03-14T17:15:52","guid":{"rendered":"https:\/\/hotpint.com\/?page_id=105"},"modified":"2025-01-07T17:25:18","modified_gmt":"2025-01-07T17:25:18","slug":"llindes-metalliques-remats-xemeneies-marcs-perimetrals-de-hotpint","status":"publish","type":"page","link":"https:\/\/hotpint.com\/cat\/","title":{"rendered":"INICI"},"content":{"rendered":"<p>[et_pb_section fb_built=&#8221;1&#8243; disabled_on=&#8221;on|off|off&#8221; _builder_version=&#8221;4.19.5&#8243; _module_preset=&#8221;default&#8221; custom_padding=&#8221;0px||0px|||&#8221; global_colors_info=&#8221;{}&#8221;][et_pb_row use_custom_gutter=&#8221;on&#8221; gutter_width=&#8221;1&#8243; make_equal=&#8221;on&#8221; _builder_version=&#8221;4.16&#8243; _module_preset=&#8221;default&#8221; width=&#8221;100%&#8221; max_width=&#8221;100%&#8221; custom_padding=&#8221;2px||0px|||&#8221; global_colors_info=&#8221;{}&#8221;][et_pb_column type=&#8221;4_4&#8243; _builder_version=&#8221;4.16&#8243; _module_preset=&#8221;default&#8221; global_colors_info=&#8221;{}&#8221;][et_pb_code _builder_version=&#8221;4.18.0&#8243; _module_preset=&#8221;default&#8221; global_colors_info=&#8221;{}&#8221;]<!-- [et_pb_line_break_holder] -->[\/et_pb_code][\/et_pb_column][\/et_pb_row][\/et_pb_section][et_pb_section fb_built=&#8221;1&#8243; disabled_on=&#8221;off|on|on&#8221; _builder_version=&#8221;4.19.5&#8243; _module_preset=&#8221;default&#8221; custom_padding=&#8221;3px||11px|||&#8221; locked=&#8221;off&#8221; global_colors_info=&#8221;{}&#8221;][et_pb_row _builder_version=&#8221;4.19.5&#8243; _module_preset=&#8221;default&#8221; custom_padding=&#8221;||2px|||&#8221; global_colors_info=&#8221;{}&#8221;][et_pb_column type=&#8221;4_4&#8243; _builder_version=&#8221;4.19.5&#8243; _module_preset=&#8221;default&#8221; global_colors_info=&#8221;{}&#8221;][et_pb_image src=&#8221;https:\/\/hotpint.com\/wp-content\/uploads\/2023\/02\/portada-mobil-100x445px.jpg&#8221; alt=&#8221;hotpint t\u00e8rmic system&#8221; title_text=&#8221;portada-mobil-100x445px&#8221; _builder_version=&#8221;4.19.5&#8243; _module_preset=&#8221;default&#8221; custom_margin=&#8221;||1px|||&#8221; global_colors_info=&#8221;{}&#8221;][\/et_pb_image][et_pb_text _builder_version=&#8221;4.19.5&#8243; _module_preset=&#8221;default&#8221; global_colors_info=&#8221;{}&#8221;]<\/p>\n<h2 style=\"text-align: center;\">Hotpint Thermic System<\/h2>\n<p>[\/et_pb_text][\/et_pb_column][\/et_pb_row][\/et_pb_section][et_pb_section fb_built=&#8221;1&#8243; _builder_version=&#8221;4.16&#8243; _module_preset=&#8221;default&#8221; custom_padding=&#8221;4px||17px|||&#8221; global_colors_info=&#8221;{}&#8221;][et_pb_row _builder_version=&#8221;4.16&#8243; _module_preset=&#8221;default&#8221; custom_padding=&#8221;||11px|||&#8221; global_colors_info=&#8221;{}&#8221;][et_pb_column type=&#8221;4_4&#8243; _builder_version=&#8221;4.16&#8243; _module_preset=&#8221;default&#8221; global_colors_info=&#8221;{}&#8221;][et_pb_text _builder_version=&#8221;4.18.0&#8243; _module_preset=&#8221;default&#8221; text_text_color=&#8221;#000000&#8243; header_text_color=&#8221;#000000&#8243; header_2_text_color=&#8221;#000000&#8243; header_2_font_size=&#8221;32px&#8221; header_2_line_height=&#8221;1.2em&#8221; custom_margin=&#8221;4px||24px|||&#8221; global_colors_info=&#8221;{}&#8221;]<\/p>\n<h2 style=\"text-align: center;\"><strong>HotPint <\/strong>\u00e9s una empresa experta en l&#8217;acabat i el manipulat de productes metal\u00b7l\u00fargics manufacturats<\/h2>\n<p>[\/et_pb_text][\/et_pb_column][\/et_pb_row][et_pb_row column_structure=&#8221;1_4,1_4,1_4,1_4&#8243; use_custom_gutter=&#8221;on&#8221; gutter_width=&#8221;2&#8243; make_equal=&#8221;on&#8221; _builder_version=&#8221;4.16&#8243; _module_preset=&#8221;default&#8221; max_width=&#8221;100%&#8221; custom_margin=&#8221;-18px|auto||auto||&#8221; global_colors_info=&#8221;{}&#8221;][et_pb_column type=&#8221;1_4&#8243; _builder_version=&#8221;4.16&#8243; _module_preset=&#8221;default&#8221; global_colors_info=&#8221;{}&#8221;][et_pb_blurb title=&#8221; Sistema T\u00e8rmic HotPint&#8221; image=&#8221;https:\/\/hotpint.com\/cat\/wp-content\/uploads\/sites\/4\/2022\/03\/hotpint-termic-system.jpg&#8221; _builder_version=&#8221;4.18.0&#8243; _module_preset=&#8221;default&#8221; header_level=&#8221;h2&#8243; header_font_size=&#8221;24px&#8221; animation_style=&#8221;fade&#8221; animation_duration=&#8221;2000ms&#8221; box_shadow_style_image=&#8221;preset1&#8243; global_colors_info=&#8221;{}&#8221;]<\/p>\n<p><span>Soluci\u00f3 de marcatge met\u00e0l\u00b7lic amb perfil de trencament del pont t\u00e8rmic. Registre model d&#8217;utilitat N\u00fam. 202130884<\/span><\/p>\n<p>[\/et_pb_blurb][\/et_pb_column][et_pb_column type=&#8221;1_4&#8243; _builder_version=&#8221;4.16&#8243; _module_preset=&#8221;default&#8221; global_colors_info=&#8221;{}&#8221;][et_pb_blurb title=&#8221;Dissenys patentats&#8221; image=&#8221;https:\/\/hotpint.com\/cat\/wp-content\/uploads\/sites\/4\/2022\/03\/dissenyos-patentados.jpg&#8221; _builder_version=&#8221;4.18.0&#8243; _module_preset=&#8221;default&#8221; header_level=&#8221;h2&#8243; header_font_size=&#8221;24px&#8221; animation_style=&#8221;fade&#8221; animation_duration=&#8221;2000ms&#8221; box_shadow_style_image=&#8221;preset1&#8243; global_colors_info=&#8221;{}&#8221;]<\/p>\n<p><span>Els aven\u00e7os del nostre\u00a0<\/span><strong>departamento d&#8217;I+D<\/strong><span>\u00a0 garanteixen una \u00f2ptima\u00a0<\/span><strong>rendibilitat i durabilitat<\/strong><span>\u00a0dels nostres productes.<\/span><\/p>\n<p>[\/et_pb_blurb][\/et_pb_column][et_pb_column type=&#8221;1_4&#8243; _builder_version=&#8221;4.16&#8243; _module_preset=&#8221;default&#8221; global_colors_info=&#8221;{}&#8221;][et_pb_blurb title=&#8221;L\u00edders al sector&#8221; image=&#8221;https:\/\/hotpint.com\/cat\/wp-content\/uploads\/sites\/4\/2022\/03\/lideres-en-el-sector.jpg&#8221; _builder_version=&#8221;4.18.0&#8243; _module_preset=&#8221;default&#8221; header_level=&#8221;h2&#8243; header_font_size=&#8221;24px&#8221; animation_style=&#8221;fade&#8221; animation_duration=&#8221;2000ms&#8221; box_shadow_style_image=&#8221;preset1&#8243; global_colors_info=&#8221;{}&#8221;]<\/p>\n<p><span>Aix\u00f2 fa que aquelles empreses que es dediquen tant a la construcci\u00f3 com a auxiliar de construcci\u00f3 tinguin\u00a0<\/span><strong>en nosaltres un aliat.<\/strong><\/p>\n<p>[\/et_pb_blurb][\/et_pb_column][et_pb_column type=&#8221;1_4&#8243; _builder_version=&#8221;4.16&#8243; _module_preset=&#8221;default&#8221; global_colors_info=&#8221;{}&#8221;][et_pb_blurb title=&#8221; L&#8217;empresa amiga&#8221; image=&#8221;https:\/\/hotpint.com\/cat\/wp-content\/uploads\/sites\/4\/2022\/03\/la-empresa-amiga.jpg&#8221; _builder_version=&#8221;4.18.0&#8243; _module_preset=&#8221;default&#8221; header_level=&#8221;h2&#8243; header_font_size=&#8221;24px&#8221; animation_style=&#8221;fade&#8221; animation_duration=&#8221;2000ms&#8221; box_shadow_style_image=&#8221;preset1&#8243; global_colors_info=&#8221;{}&#8221;]<\/p>\n<p><span>El nostre equip hum\u00e0 est\u00e0 preparat per acompanyar-te i assessorar-te en el teu projecte, garantint un\u00a0<\/span><strong>\u00f2ptim resultat final.<\/strong><\/p>\n<p>[\/et_pb_blurb][\/et_pb_column][\/et_pb_row][\/et_pb_section][et_pb_section fb_built=&#8221;1&#8243; _builder_version=&#8221;4.16&#8243; _module_preset=&#8221;default&#8221; custom_padding=&#8221;0px|||||&#8221; border_width_top=&#8221;9px&#8221; border_color_top=&#8221;#fc5000&#8243; global_colors_info=&#8221;{}&#8221;][et_pb_row _builder_version=&#8221;4.16&#8243; _module_preset=&#8221;default&#8221; global_colors_info=&#8221;{}&#8221;][et_pb_column type=&#8221;4_4&#8243; _builder_version=&#8221;4.16&#8243; _module_preset=&#8221;default&#8221; global_colors_info=&#8221;{}&#8221;][et_pb_text _builder_version=&#8221;4.18.0&#8243; _module_preset=&#8221;default&#8221; header_font_size=&#8221;34px&#8221; header_2_font_size=&#8221;40px&#8221; global_colors_info=&#8221;{}&#8221;]<\/p>\n<h2 style=\"text-align: center;\">La m\u00e9s \u00e0mplia gamma de productes<\/h2>\n<p>[\/et_pb_text][\/et_pb_column][\/et_pb_row][et_pb_row column_structure=&#8221;3_4,1_4&#8243; use_custom_gutter=&#8221;on&#8221; gutter_width=&#8221;2&#8243; make_equal=&#8221;on&#8221; _builder_version=&#8221;4.16&#8243; _module_preset=&#8221;default&#8221; width=&#8221;55%&#8221; max_width=&#8221;100%&#8221; custom_padding=&#8221;4px|||||&#8221; global_colors_info=&#8221;{}&#8221;][et_pb_column type=&#8221;3_4&#8243; _builder_version=&#8221;4.16&#8243; _module_preset=&#8221;default&#8221; global_colors_info=&#8221;{}&#8221;][et_pb_image src=&#8221;https:\/\/hotpint.com\/cat\/wp-content\/uploads\/sites\/4\/2022\/03\/hotpint-catalogo-de-productos.jpg&#8221; title_text=&#8221;hotpint-catalogo-de-productos&#8221; _builder_version=&#8221;4.16&#8243; _module_preset=&#8221;default&#8221; global_colors_info=&#8221;{}&#8221;][\/et_pb_image][et_pb_text _builder_version=&#8221;4.18.0&#8243; _module_preset=&#8221;default&#8221; text_font_size=&#8221;17px&#8221; global_colors_info=&#8221;{}&#8221;]<\/p>\n<p><span>Des de Hot Pint, us oferim gran diversitat de productes i recursos per cobrir les necessitats en la construcci\u00f3 de conjunts residencials, habitatges, o similars; des de les rematades per a xemeneies fins als perfils especials, passant pels cobremurs.<\/span><\/p>\n<p>[\/et_pb_text][et_pb_button button_url=&#8221;https:\/\/hotpint.com\/cat\/cataleg\/&#8221; button_text=&#8221;Cat\u00e0legs&#8221; button_alignment=&#8221;center&#8221; _builder_version=&#8221;4.18.0&#8243; _module_preset=&#8221;default&#8221; custom_button=&#8221;on&#8221; button_text_size=&#8221;21px&#8221; button_text_color=&#8221;#ffffff&#8221; button_bg_color=&#8221;#fc5000&#8243; button_border_width=&#8221;0px&#8221; button_icon=&#8221;&#x24;||divi||400&#8243; custom_margin=&#8221;||||false|false&#8221; custom_padding=&#8221;||||false|false&#8221; custom_css_main_element=&#8221;width: 100%;&#8221; global_colors_info=&#8221;{}&#8221;][\/et_pb_button][\/et_pb_column][et_pb_column type=&#8221;1_4&#8243; _builder_version=&#8221;4.16&#8243; _module_preset=&#8221;default&#8221; global_colors_info=&#8221;{}&#8221;][et_pb_text _builder_version=&#8221;4.18.0&#8243; _module_preset=&#8221;default&#8221; header_3_font_size=&#8221;26px&#8221; header_3_line_height=&#8221;1.2em&#8221; global_colors_info=&#8221;{}&#8221;]<\/p>\n<div class=\"wpb_text_column wpb_content_element \">\n<div class=\"wpb_wrapper\">\n<h3 style=\"text-align: center;\">M\u00e0xima qualitat amb acabat superior<\/h3>\n<\/div>\n<\/div>\n<p>[\/et_pb_text][et_pb_image src=&#8221;https:\/\/hotpint.com\/cat\/wp-content\/uploads\/sites\/4\/2022\/03\/hotpint-maxima-calida-acabado-superior.jpg&#8221; title_text=&#8221;hotpint-maxima-calida-acabado-superior&#8221; _builder_version=&#8221;4.16&#8243; _module_preset=&#8221;default&#8221; global_colors_info=&#8221;{}&#8221;][\/et_pb_image][et_pb_text _builder_version=&#8221;4.18.0&#8243; _module_preset=&#8221;default&#8221; text_font_size=&#8221;16px&#8221; text_line_height=&#8221;1.6em&#8221; custom_margin=&#8221;31px|||||&#8221; global_colors_info=&#8221;{}&#8221;]<span>(1) Xapa d&#8217;acer polit DX51D <\/span><span><br \/>\n(2) Recobriment galvanitzat qualitat Z275 MBC<br \/>\n(3) Imprimaci\u00f3 al forn a 140\u00baC<br \/>\n(4) Lacat amb pintura de poli\u00e8ster en pols al forn<\/span>[\/et_pb_text][\/et_pb_column][\/et_pb_row][\/et_pb_section]<\/p>\n","protected":false},"excerpt":{"rendered":"<p>Hotpint Thermic SystemHotPint \u00e9s una empresa experta en l&#8217;acabat i el manipulat de productes metal\u00b7l\u00fargics manufacturatsSoluci\u00f3 de marcatge met\u00e0l\u00b7lic amb perfil de trencament del pont t\u00e8rmic. Registre model d&#8217;utilitat N\u00fam. 202130884Els aven\u00e7os del nostre\u00a0departamento d&#8217;I+D\u00a0 garanteixen una \u00f2ptima\u00a0rendibilitat i durabilitat\u00a0dels nostres productes.Aix\u00f2 fa que aquelles empreses que es dediquen tant a la construcci\u00f3 com [&hellip;]<\/p>\n","protected":false},"author":2,"featured_media":75,"parent":0,"menu_order":0,"comment_status":"closed","ping_status":"closed","template":"","meta":{"_et_pb_use_builder":"on","_et_pb_old_content":"","_et_gb_content_width":"","footnotes":""},"class_list":["post-74","page","type-page","status-publish","has-post-thumbnail","hentry"],"yoast_head":"<!-- This site is optimized with the Yoast SEO Premium plugin v20.10 (Yoast SEO v25.5) - https:\/\/yoast.com\/wordpress\/plugins\/seo\/ -->\n<title>Llindes met\u00e0l\u00b7liques, remats xemeneies, marcs perimetrals de Hotpint<\/title>\n<meta name=\"description\" content=\"HotPint es una empresa experta en el acabado y manipulado de productos metal\u00fargicos manufacturados. Dise\u00f1os propios. Soluciones para perfiles...\" \/>\n<meta name=\"robots\" content=\"index, follow, max-snippet:-1, max-image-preview:large, max-video-preview:-1\" \/>\n<link rel=\"canonical\" href=\"https:\/\/hotpint.com\/cat\/\" \/>\n<meta property=\"og:locale\" content=\"ca_ES\" \/>\n<meta property=\"og:type\" content=\"article\" \/>\n<meta property=\"og:title\" content=\"INICI\" \/>\n<meta property=\"og:description\" content=\"HotPint es una empresa experta en el acabado y manipulado de productos metal\u00fargicos manufacturados. Dise\u00f1os propios. Soluciones para perfiles...\" \/>\n<meta property=\"og:url\" content=\"https:\/\/hotpint.com\/cat\/\" \/>\n<meta property=\"og:site_name\" content=\"Hotpint Solucions\" \/>\n<meta property=\"article:modified_time\" content=\"2025-01-07T17:25:18+00:00\" \/>\n<meta property=\"og:image\" content=\"https:\/\/hotpint.com\/cat\/wp-content\/uploads\/sites\/4\/2022\/06\/logo-hotpint-400px-margenes-blancos.png\" \/>\n\t<meta property=\"og:image:width\" content=\"400\" \/>\n\t<meta property=\"og:image:height\" content=\"314\" \/>\n\t<meta property=\"og:image:type\" content=\"image\/png\" \/>\n<meta name=\"twitter:card\" content=\"summary_large_image\" \/>\n<meta name=\"twitter:label1\" content=\"Temps estimat de lectura\" \/>\n\t<meta name=\"twitter:data1\" content=\"3 minuts\" \/>\n<script type=\"application\/ld+json\" class=\"yoast-schema-graph\">{\"@context\":\"https:\/\/schema.org\",\"@graph\":[{\"@type\":\"WebPage\",\"@id\":\"https:\/\/hotpint.com\/cat\/\",\"url\":\"https:\/\/hotpint.com\/cat\/\",\"name\":\"Llindes met\u00e0l\u00b7liques, remats xemeneies, marcs perimetrals de Hotpint\",\"isPartOf\":{\"@id\":\"https:\/\/hotpint.com\/cat\/#website\"},\"primaryImageOfPage\":{\"@id\":\"https:\/\/hotpint.com\/cat\/#primaryimage\"},\"image\":{\"@id\":\"https:\/\/hotpint.com\/cat\/#primaryimage\"},\"thumbnailUrl\":\"https:\/\/hotpint.com\/cat\/wp-content\/uploads\/sites\/4\/2022\/06\/logo-hotpint-400px-margenes-blancos.png\",\"datePublished\":\"2022-03-14T17:15:52+00:00\",\"dateModified\":\"2025-01-07T17:25:18+00:00\",\"description\":\"HotPint es una empresa experta en el acabado y manipulado de productos metal\u00fargicos manufacturados. Dise\u00f1os propios. Soluciones para perfiles...\",\"breadcrumb\":{\"@id\":\"https:\/\/hotpint.com\/cat\/#breadcrumb\"},\"inLanguage\":\"ca\",\"potentialAction\":[{\"@type\":\"ReadAction\",\"target\":[\"https:\/\/hotpint.com\/cat\/\"]}]},{\"@type\":\"ImageObject\",\"inLanguage\":\"ca\",\"@id\":\"https:\/\/hotpint.com\/cat\/#primaryimage\",\"url\":\"https:\/\/hotpint.com\/cat\/wp-content\/uploads\/sites\/4\/2022\/06\/logo-hotpint-400px-margenes-blancos.png\",\"contentUrl\":\"https:\/\/hotpint.com\/cat\/wp-content\/uploads\/sites\/4\/2022\/06\/logo-hotpint-400px-margenes-blancos.png\",\"width\":400,\"height\":314,\"caption\":\"Logo hotpint\"},{\"@type\":\"BreadcrumbList\",\"@id\":\"https:\/\/hotpint.com\/cat\/#breadcrumb\",\"itemListElement\":[{\"@type\":\"ListItem\",\"position\":1,\"name\":\"Portada\",\"item\":\"https:\/\/hotpint.com\/cat\/\"},{\"@type\":\"ListItem\",\"position\":2,\"name\":\"INICI\"}]},{\"@type\":\"WebSite\",\"@id\":\"https:\/\/hotpint.com\/cat\/#website\",\"url\":\"https:\/\/hotpint.com\/cat\/\",\"name\":\"Hotpint Solucions\",\"description\":\"Experts en l&#039;acabat i el manipulat de productes metal\u00b7l\u00fargics manufacturats\",\"potentialAction\":[{\"@type\":\"SearchAction\",\"target\":{\"@type\":\"EntryPoint\",\"urlTemplate\":\"https:\/\/hotpint.com\/cat\/?s={search_term_string}\"},\"query-input\":{\"@type\":\"PropertyValueSpecification\",\"valueRequired\":true,\"valueName\":\"search_term_string\"}}],\"inLanguage\":\"ca\"}]}<\/script>\n<!-- \/ Yoast SEO Premium plugin. -->","yoast_head_json":{"title":"Llindes met\u00e0l\u00b7liques, remats xemeneies, marcs perimetrals de Hotpint","description":"HotPint es una empresa experta en el acabado y manipulado de productos metal\u00fargicos manufacturados. Dise\u00f1os propios. Soluciones para perfiles...","robots":{"index":"index","follow":"follow","max-snippet":"max-snippet:-1","max-image-preview":"max-image-preview:large","max-video-preview":"max-video-preview:-1"},"canonical":"https:\/\/hotpint.com\/cat\/","og_locale":"ca_ES","og_type":"article","og_title":"INICI","og_description":"HotPint es una empresa experta en el acabado y manipulado de productos metal\u00fargicos manufacturados. Dise\u00f1os propios. Soluciones para perfiles...","og_url":"https:\/\/hotpint.com\/cat\/","og_site_name":"Hotpint Solucions","article_modified_time":"2025-01-07T17:25:18+00:00","og_image":[{"width":400,"height":314,"url":"https:\/\/hotpint.com\/cat\/wp-content\/uploads\/sites\/4\/2022\/06\/logo-hotpint-400px-margenes-blancos.png","type":"image\/png"}],"twitter_card":"summary_large_image","twitter_misc":{"Temps estimat de lectura":"3 minuts"},"schema":{"@context":"https:\/\/schema.org","@graph":[{"@type":"WebPage","@id":"https:\/\/hotpint.com\/cat\/","url":"https:\/\/hotpint.com\/cat\/","name":"Llindes met\u00e0l\u00b7liques, remats xemeneies, marcs perimetrals de Hotpint","isPartOf":{"@id":"https:\/\/hotpint.com\/cat\/#website"},"primaryImageOfPage":{"@id":"https:\/\/hotpint.com\/cat\/#primaryimage"},"image":{"@id":"https:\/\/hotpint.com\/cat\/#primaryimage"},"thumbnailUrl":"https:\/\/hotpint.com\/cat\/wp-content\/uploads\/sites\/4\/2022\/06\/logo-hotpint-400px-margenes-blancos.png","datePublished":"2022-03-14T17:15:52+00:00","dateModified":"2025-01-07T17:25:18+00:00","description":"HotPint es una empresa experta en el acabado y manipulado de productos metal\u00fargicos manufacturados. Dise\u00f1os propios. Soluciones para perfiles...","breadcrumb":{"@id":"https:\/\/hotpint.com\/cat\/#breadcrumb"},"inLanguage":"ca","potentialAction":[{"@type":"ReadAction","target":["https:\/\/hotpint.com\/cat\/"]}]},{"@type":"ImageObject","inLanguage":"ca","@id":"https:\/\/hotpint.com\/cat\/#primaryimage","url":"https:\/\/hotpint.com\/cat\/wp-content\/uploads\/sites\/4\/2022\/06\/logo-hotpint-400px-margenes-blancos.png","contentUrl":"https:\/\/hotpint.com\/cat\/wp-content\/uploads\/sites\/4\/2022\/06\/logo-hotpint-400px-margenes-blancos.png","width":400,"height":314,"caption":"Logo hotpint"},{"@type":"BreadcrumbList","@id":"https:\/\/hotpint.com\/cat\/#breadcrumb","itemListElement":[{"@type":"ListItem","position":1,"name":"Portada","item":"https:\/\/hotpint.com\/cat\/"},{"@type":"ListItem","position":2,"name":"INICI"}]},{"@type":"WebSite","@id":"https:\/\/hotpint.com\/cat\/#website","url":"https:\/\/hotpint.com\/cat\/","name":"Hotpint Solucions","description":"Experts en l&#039;acabat i el manipulat de productes metal\u00b7l\u00fargics manufacturats","potentialAction":[{"@type":"SearchAction","target":{"@type":"EntryPoint","urlTemplate":"https:\/\/hotpint.com\/cat\/?s={search_term_string}"},"query-input":{"@type":"PropertyValueSpecification","valueRequired":true,"valueName":"search_term_string"}}],"inLanguage":"ca"}]}},"_links":{"self":[{"href":"https:\/\/hotpint.com\/cat\/wp-json\/wp\/v2\/pages\/74"}],"collection":[{"href":"https:\/\/hotpint.com\/cat\/wp-json\/wp\/v2\/pages"}],"about":[{"href":"https:\/\/hotpint.com\/cat\/wp-json\/wp\/v2\/types\/page"}],"author":[{"embeddable":true,"href":"https:\/\/hotpint.com\/cat\/wp-json\/wp\/v2\/users\/2"}],"replies":[{"embeddable":true,"href":"https:\/\/hotpint.com\/cat\/wp-json\/wp\/v2\/comments?post=74"}],"version-history":[{"count":22,"href":"https:\/\/hotpint.com\/cat\/wp-json\/wp\/v2\/pages\/74\/revisions"}],"predecessor-version":[{"id":821,"href":"https:\/\/hotpint.com\/cat\/wp-json\/wp\/v2\/pages\/74\/revisions\/821"}],"wp:featuredmedia":[{"embeddable":true,"href":"https:\/\/hotpint.com\/cat\/wp-json\/wp\/v2\/media\/75"}],"wp:attachment":[{"href":"https:\/\/hotpint.com\/cat\/wp-json\/wp\/v2\/media?parent=74"}],"curies":[{"name":"wp","href":"https:\/\/api.w.org\/{rel}","templated":true}]}}